/8)/((-2)/(-8)). What are the prime factors of (b/(-3) - 3) + 39?
3, 13
Suppose -6*o + 20 = 2. What are the prime factors of o?
3
Let t(q) = q**2 - 8*q - 6. Suppose 0 = b + 6 - 16. List the prime factors of t(b).
2, 7
Suppose 130 = 5*i + 5*k, -4*i + k + 52 = -2*i. What are the prime factors of i?
2, 13
List the prime factors of 12/(4 + 0) - -16.
19
Let y(m) = m**2 + 1. Let h(a) = -a**3 - 2*a**2 - a + 6. Let z(j) = h(j) + 2*y(j). Suppose 0 = -0*b + b. List the prime factors of z(b).
2
Let s(f) = -f + 2. Let c be s(0). Let o be (0 + c)*3 + -2. Suppose 3*x - 27 + 10 = -2*j, -o*x = 3*j - 25. List the prime factors of j.
7
Let k be ((-1)/2)/(2/24). Let s be (-3 - k)/((-6)/8). Let i(p) = 2*p**2 + 5*p - 4. What are the prime factors of i(s)?
2
Let p be -1 + -1 - (-6 + 2). Suppose z = -i + 21, p*z + 4*i - 35 - 7 = 0. List the prime factors of z.
3, 7
Let v(f) = -f**3 + 15*f**2 - 10*f + 9. List the prime factors of v(14).
5, 13
Let c(w) = -w. Suppose -y - 8 = 2*l, -2*l - 7 = 2*y - l. Let x(d) = d**3 + 2*d**2 + 2*d - 2. Let j be x(y). List the prime factors of c(j).
2, 3
Let a = -68 - -190. What are the prime factors of a?
2, 61
Let j(u) = u - 2. Let r be (-7)/(-28) - 19/(-4). List the prime factors of j(r).
3
Let g(k) = -k**3 + 16*k**2 - 14*k + 20. What are the prime factors of g(15)?
5, 7
Let m = 126 - 51. What are the prime factors of m?
3, 5
Let l(t) = -t**3 + 6*t**2 - 4*t + 9. Let g be l(6). Let c be 36/g + 6/15. What are the prime factors of (13/2)/(c/(-4))?
13
Suppose 0 = 2*z - 5*z + 93. Suppose -3*c + 11 = -z. List the prime factors of c.
2, 7
Let i be ((-42)/9 - -2)*-3. Suppose -4*u - 12 = -7*u. Suppose -u*y - i = -8*y. What are the prime factors of y?
2
Let l = -97 - -170. What are the prime factors of l?
73
Let f(i) = -2*i**2 - 3*i + 6. Let x be f(-5). Let n = -17 - x. List the prime factors of n.
2, 3
Let j(q) = q**2 - 3*q - 17. List the prime factors of j(8).
23
Suppose 3*h - 363 = -3*i, -4*h = -0*h + 20. List the prime factors of i.
2, 3, 7
Let f = 9 + 6. Let n = -2 + 4. Suppose n*a + a = f. What are the prime factors of a?
5
Suppose 0 = -4*v + 16, 0 = -2*h + v + 41 + 47. List the prime factors of h.
2, 23
Suppose -5*n - 4*u + 41 = 0, -2*n + 3 + 15 = 2*u. Suppose n*m - 145 + 25 = 0. List the prime factors of m.
2, 3
Let k(x) = -5*x**2 - 1. Let y be k(1). List the prime factors of 2/6 - 52/y.
3
Let g be 10/25 - (-7)/(-5). Let c be (-1 - g)*(-5)/(-10). What are the prime factors of (0 - c) + (-45)/(-5)?
3
Let q = -5 - -4. Let p = q + 4. Suppose 1 = -p*z + 28. List the prime factors of z.
3
Suppose 2*t - 102 - 10 = -4*c, 0 = 5*t + 5*c - 305. What are the prime factors of t?
2, 3, 11
Let a(z) = -z**2 - 2*z. Let d be a(-4). Let c = d - -12. Suppose p = 4*b - 8, -5*p + c*b = 3 - 27. What are the prime factors of p?
2
Suppose -p - 2*c + 7*c + 7 = 0, 0 = 5*c - 10. List the prime factors of p.
17
Suppose -2*l + 3*l - 4*k = 2, 0 = 2*k. Suppose l = c + 24. Let g = -14 - c. What are the prime factors of g?
2
Let r = -12 + 2. Let h = r - -21. What are the prime factors of h?
11
Let b = -4 - -7. Suppose 0 = t - 4*q - 18, b*q - 7*q - 12 = 0. Let k = t - -5. List the prime factors of k.
11
Let d be ((-172)/(-8) + -4)*2. Suppose -5*h + d = -80. List the prime factors of h.
23
Let x = -6 - -3. Let t = x - -5. What are the prime factors of -2*(1*-2)/t?
2
Let x = 144 + -84. List the prime factors of x.
2, 3, 5
Suppose 2*i - 5*l + 4*l - 624 = 0, 3*i = l + 936. What are the prime factors of i?
2, 3, 13
Suppose -5*m + 77 + 28 = 0. Let t = -12 + m. What are the prime factors of t?
3
Let p(a) = -a**2 - 21*a. List the prime factors of p(-17).
2, 17
Let h(c) = -3 - c + 3 - 1. Let g be h(-5). Suppose 0*v - 2*r = -4*v + 16, -3*v = -g*r - 17. What are the prime factors of v?
3
Suppose 2*r + r - 2*p = 14, 0 = -4*r - 4*p - 8. Suppose -4 = -r*s + s. What are the prime factors of s?
2
Let d be (1 + 0)/((-1)/5). List the prime factors of (-8)/(-20) - 18/d.
2
Let p be (-12)/(-2)*(0 - -1). Suppose l = -i + 2*i + 9, -l + p = 2*i. List the prime factors of l.
2
Suppose -11*z = -5*z - 864. What are the prime factors of z?
2, 3
Let t(h) = -h**3 + 5*h**2 - 3*h - 2. Let p be t(4). Suppose -2*w = p*s + 2*s - 20, w - s + 2 = 0. Let q = 2 + w. List the prime factors of q.
2
List the prime factors of ((-12)/2)/2 + 65.
2, 31
Suppose 0 = -0*f + 3*f - 3. What are the prime factors of (-3 - -8)/f + -3?
2
What are the prime factors of ((-6)/(-9) - (-572)/6) + 1?
97
Let s = -52 + 74. What are the prime factors of s?
2, 11
Let q(k) = -k**2 - 12*k + 10. What are the prime factors of q(-8)?
2, 3, 7
Suppose -3*z + 370 = 2*z. List the prime factors of z.
2, 37
Let d be (-1 - (1 - 2)) + -6. Let b = 10 + d. List the prime factors of 192/9 + b/(-12).
3, 7
Let t = 31 + -6. Let i = t + -11. What are the prime factors of i?
2, 7
Suppose -5 - 20 = -5*r. Suppose 4*u - 76 = 4*x, r*u - 107 = 6*x - 4*x. List the prime factors of u.
23
Suppose -4*o = o. Let p(d) = d**3 + 0*d**2 + 7*d - 8*d + 0*d**3 + 8 + d**2. What are the prime factors of p(o)?
2
Suppose -3*b - 335 = -4*u, -2*b = -0*b + 10. Suppose 0 = j + 28 - u. Suppose -4*x - 12 = -j. What are the prime factors of x?
2, 5
Let g = 426 + -249. List the prime factors of g.
3, 59
Let i(s) = -s**2 + 4*s + 5. Let l be i(5). Suppose -z - 3*w = -l*z - 62, 3*w + 50 = z. Suppose -t = 3*t - z. What are the prime factors of t?
2, 7
Let j(m) = m**3 - 9*m**2 + 10*m + 9. What are the prime factors of j(8)?
5
Let f(l) = l**2 - 4*l + 5. Let q be f(5). Suppose 0 = -3*d + 3*p - q - 35, -p - 5 = 0. What are the prime factors of 5/d - 66/(-8)?
2
Suppose -3*j - 8 - 1 = 0, 2*p + 4 = 4*j. Suppose 2*v = -n - 3, 0*n + 5*n - 3*v = 11. List the prime factors of (3/(-1) + n)*p.
2
List the prime factors of 17*(1 - 0) - 0.
17
Suppose 4*k = k + 117. List the prime factors of k.
3, 13
Let o(w) be the second derivative of -w**5/60 - 5*w**4/24 + w**3 + w**2 - 2*w. Let s(k) be the first derivative of o(k). List the prime factors of s(-5).
2, 3
Suppose q = 3 - 40. Let k = q - -22. Let p = k + 31. What are the prime factors of p?
2
Let z = 2 - 1. Suppose j - 5 = -z. Suppose y + 33 = j*y. What are the prime factors of y?
11
Let c be (0 + 4)*9/3. Let n be 16*(2 - 9/c). Let h = -13 + n. List the prime factors of h.
7
Let x = -20 - -23. Suppose -2*z + 10 = 0, -x*j = -j + 2*z - 58. List the prime factors of j.
2, 3
Let a(l) = -3*l**2 + 95. List the prime factors of a(0).
5, 19
What are the prime factors of 12/(-20)*(-355 - (0 + 0))?
3, 71
Let w = 27 - 9. List the prime factors of w.
2, 3
Suppose -p = -3, 3*u - 6*u + 4*p = -210. List the prime factors of u.
2, 37
Let k = -35 - -41. What are the prime factors of k?
2, 3
Let q = -4 + 4. Let t(v) = -v + 5. Let u be t(q). Let p = 4 + u. List the prime factors of p.
3
Let f(k) = k**3 - 8*k**2 - 8*k - 7. Let q be f(9). Let c be 6*1/q + 0. Suppose -3*u = 5*v - 62, -u = -c*v - 6*u + 50. What are the prime factors of v?
2, 5
Let c = -6 - -8. Let b be 1*14/(-4)*c. Let g = b + 18. What are the prime factors of g?
11
Let r = 15 - 32. Let d = -12 - r. Suppose k = d + 3. What are the prime factors of k?
2
What are the prime factors of (-635)/(-10) + 2/(-4)?
3, 7
Suppose 4*p = 5*r, 0 = r + 2*r - 4*p + 8. What are the prime factors of (r/14)/((-1)/(-7))?
2
Let k(o) = -2*o - 6. Let t be k(-4). Let q be (t/(-7))/(3/(-21)). Let f(b) = b**3 - b**2 + 2*b - 1. List the prime factors of f(q).
7
Suppose 522 + 918 = 4*a. List the prime factors of a.
2, 3, 5
Let a = -5 + 8. Let v = -5 + a. Let u = v + 10. List the prime factors of u.
2
Let r(v) be the third derivative of -v**3 + 0 + 0*v - v**2 + 1/8*v**4 + 1/60*v**5. What are the prime factors of r(-6)?
2, 3
Let m(s) = -19*s - 24. List the prime factors of m(-6).
2, 3, 5
Suppose -2*g + 33 = 3*k - 139, -4*g = -3*k + 178. What are the prime factors of k?
2, 29
Suppose 8 = 3*w + 2. Let u = w + 6. Suppose -2*f = 2*f - u. What are the prime factors of f?
2
Let q(l) be the third derivative of l**6/120 - l**5/30 + l**3/3 + l**2. Let g be q(2). Suppose g*k - 4 = -0*k. What are the prime factors of k?
2
Suppose -z + 6 = -1. Let o(p) = -p**3 + 7*p**2 + p + 1. What are the prime factors of o(z)?
2
Let f = 713 - 383. List the prime factors of f.
2, 3, 5, 11
Let u be ((-1)/1)/((-2)/10). Suppose u*z - 10 = 3*z. Let p = z - 2. List 